{"id":1194,"date":"2019-10-29T17:57:01","date_gmt":"2019-10-29T16:57:01","guid":{"rendered":"https:\/\/www.biographiesdebretagne.bzh\/wp-content\/uploads\/2019\/10\/BdB_BioHerv\u00e9Grall_Premi\u00e8reDeCouverture.jpg"},"modified":"2019-10-29T17:57:01","modified_gmt":"2019-10-29T16:57:01","slug":"libre-h-grall-vect-hd-2","status":"inherit","type":"attachment","link":"https:\/\/www.biographiesdebretagne.bzh\/br\/libre-h-grall-vect-hd-2\/","title":{"rendered":"Libre-H.Grall-VECT-HD"},"author":2,"featured_media":0,"comment_status":"open","ping_status":"closed","template":"","meta":{"jetpack_post_was_ever_published":false},"class_list":["post-1194","attachment","type-attachment","status-inherit","hentry"],"jetpack_shortlink":"https:\/\/wp.me\/a8vyMn-jg","jetpack_sharing_enabled":true,"description":{"rendered":"<p class=\"attachment\"><a href='https:\/\/www.biographiesdebretagne.bzh\/wp-content\/uploads\/2019\/10\/BdB_BioHerv\u00e9Grall_Premi\u00e8reDeCouverture.jpg'><img loading=\"lazy\" decoding=\"async\" width=\"184\" height=\"300\" src=\"https:\/\/www.biographiesdebretagne.bzh\/wp-content\/uploads\/2019\/10\/BdB_BioHerv\u00e9Grall_Premi\u00e8reDeCouverture-184x300.jpg\" class=\"attachment-medium size-medium\" alt=\"\" srcset=\"https:\/\/www.biographiesdebretagne.bzh\/wp-content\/uploads\/2019\/10\/BdB_BioHerv\u00e9Grall_Premi\u00e8reDeCouverture-184x300.jpg 184w, https:\/\/www.biographiesdebretagne.bzh\/wp-content\/uploads\/2019\/10\/BdB_BioHerv\u00e9Grall_Premi\u00e8reDeCouverture.jpg 313w\" sizes=\"auto, (max-width: 184px) 100vw, 184px\" \/><\/a><\/p>\n"},"caption":{"rendered":""},"alt_text":"","media_type":"image","mime_type":"image\/jpeg","media_details":{"width":313,"height":511,"file":"2019\/10\/BdB_BioHerv\u00e9Grall_Premi\u00e8reDeCouverture.jpg","sizes":{"thumbnail":{"file":"BdB_BioHerv\u00e9Grall_Premi\u00e8reDeCouverture-150x150.jpg","width":150,"height":150,"mime_type":"image\/jpeg","source_url":"https:\/\/www.biographiesdebretagne.bzh\/wp-content\/uploads\/2019\/10\/BdB_BioHerv\u00e9Grall_Premi\u00e8reDeCouverture-150x150.jpg"},"medium":{"file":"BdB_BioHerv\u00e9Grall_Premi\u00e8reDeCouverture-184x300.jpg","width":184,"height":300,"mime_type":"image\/jpeg","source_url":"https:\/\/www.biographiesdebretagne.bzh\/wp-content\/uploads\/2019\/10\/BdB_BioHerv\u00e9Grall_Premi\u00e8reDeCouverture-184x300.jpg"},"folio":{"file":"BdB_BioHerv\u00e9Grall_Premi\u00e8reDeCouverture-313x400.jpg","width":313,"height":400,"mime_type":"image\/jpeg","source_url":"https:\/\/www.biographiesdebretagne.bzh\/wp-content\/uploads\/2019\/10\/BdB_BioHerv\u00e9Grall_Premi\u00e8reDeCouverture-313x400.jpg"},"graphy-post-thumbnail-medium":{"file":"BdB_BioHerv\u00e9Grall_Premi\u00e8reDeCouverture-313x300.jpg","width":313,"height":300,"mime_type":"image\/jpeg","source_url":"https:\/\/www.biographiesdebretagne.bzh\/wp-content\/uploads\/2019\/10\/BdB_BioHerv\u00e9Grall_Premi\u00e8reDeCouverture-313x300.jpg"},"graphy-post-thumbnail-small":{"file":"BdB_BioHerv\u00e9Grall_Premi\u00e8reDeCouverture-80x60.jpg","width":80,"height":60,"mime_type":"image\/jpeg","source_url":"https:\/\/www.biographiesdebretagne.bzh\/wp-content\/uploads\/2019\/10\/BdB_BioHerv\u00e9Grall_Premi\u00e8reDeCouverture-80x60.jpg"},"graphy-page-thumbnail":{"file":"BdB_BioHerv\u00e9Grall_Premi\u00e8reDeCouverture-313x350.jpg","width":313,"height":350,"mime_type":"image\/jpeg","source_url":"https:\/\/www.biographiesdebretagne.bzh\/wp-content\/uploads\/2019\/10\/BdB_BioHerv\u00e9Grall_Premi\u00e8reDeCouverture-313x350.jpg"},"sow-carousel-default":{"file":"BdB_BioHerv\u00e9Grall_Premi\u00e8reDeCouverture-272x182.jpg","width":272,"height":182,"mime_type":"image\/jpeg","source_url":"https:\/\/www.biographiesdebretagne.bzh\/wp-content\/uploads\/2019\/10\/BdB_BioHerv\u00e9Grall_Premi\u00e8reDeCouverture-272x182.jpg"},"full":{"file":"BdB_BioHerv\u00e9Grall_Premi\u00e8reDeCouverture.jpg","width":313,"height":511,"mime_type":"image\/jpeg","source_url":"https:\/\/www.biographiesdebretagne.bzh\/wp-content\/uploads\/2019\/10\/BdB_BioHerv\u00e9Grall_Premi\u00e8reDeCouverture.jpg"}},"image_meta":{"aperture":"0","credit":"","camera":"","caption":"","created_timestamp":"0","copyright":"","focal_length":"0","iso":"0","shutter_speed":"0","title":"Libre-H.Grall-VECT-HD","orientation":"1","keywords":[]}},"post":null,"source_url":"https:\/\/www.biographiesdebretagne.bzh\/wp-content\/uploads\/2019\/10\/BdB_BioHerv\u00e9Grall_Premi\u00e8reDeCouverture.jpg","_links":{"self":[{"href":"https:\/\/www.biographiesdebretagne.bzh\/br\/wp-json\/wp\/v2\/media\/1194","targetHints":{"allow":["GET"]}}],"collection":[{"href":"https:\/\/www.biographiesdebretagne.bzh\/br\/wp-json\/wp\/v2\/media"}],"about":[{"href":"https:\/\/www.biographiesdebretagne.bzh\/br\/wp-json\/wp\/v2\/types\/attachment"}],"author":[{"embeddable":true,"href":"https:\/\/www.biographiesdebretagne.bzh\/br\/wp-json\/wp\/v2\/users\/2"}],"replies":[{"embeddable":true,"href":"https:\/\/www.biographiesdebretagne.bzh\/br\/wp-json\/wp\/v2\/comments?post=1194"}]}}

https://www.biographiesdebretagne.bzh/wp-content/uploads/2019/10/BdB_BioHervéGrall_PremièreDeCouverture.jpg

<p class="attachment"><a href='https://www.biographiesdebretagne.bzh/wp-content/uploads/2019/10/BdB_BioHervéGrall_PremièreDeCouverture.jpg'><img loading="lazy" decoding="async" width="184" height="300" src="https://www.biographiesdebretagne.bzh/wp-content/uploads/2019/10/BdB_BioHervéGrall_PremièreDeCouverture-184x300.jpg" class="attachment-medium size-medium" alt="" srcset="https://www.biographiesdebretagne.bzh/wp-content/uploads/2019/10/BdB_BioHervéGrall_PremièreDeCouverture-184x300.jpg 184w, https://www.biographiesdebretagne.bzh/wp-content/uploads/2019/10/BdB_BioHervéGrall_PremièreDeCouverture.jpg 313w" sizes="auto, (max-width: 184px) 100vw, 184px" /></a></p>

2019/10/BdB_BioHervéGrall_PremièreDeCouverture.jpg

BdB_BioHervéGrall_PremièreDeCouverture-150x150.jpg

https://www.biographiesdebretagne.bzh/wp-content/uploads/2019/10/BdB_BioHervéGrall_PremièreDeCouverture-150x150.jpg

BdB_BioHervéGrall_PremièreDeCouverture-184x300.jpg

https://www.biographiesdebretagne.bzh/wp-content/uploads/2019/10/BdB_BioHervéGrall_PremièreDeCouverture-184x300.jpg

BdB_BioHervéGrall_PremièreDeCouverture-313x400.jpg

https://www.biographiesdebretagne.bzh/wp-content/uploads/2019/10/BdB_BioHervéGrall_PremièreDeCouverture-313x400.jpg

BdB_BioHervéGrall_PremièreDeCouverture-313x300.jpg

https://www.biographiesdebretagne.bzh/wp-content/uploads/2019/10/BdB_BioHervéGrall_PremièreDeCouverture-313x300.jpg

BdB_BioHervéGrall_PremièreDeCouverture-80x60.jpg

https://www.biographiesdebretagne.bzh/wp-content/uploads/2019/10/BdB_BioHervéGrall_PremièreDeCouverture-80x60.jpg

BdB_BioHervéGrall_PremièreDeCouverture-313x350.jpg

https://www.biographiesdebretagne.bzh/wp-content/uploads/2019/10/BdB_BioHervéGrall_PremièreDeCouverture-313x350.jpg

BdB_BioHervéGrall_PremièreDeCouverture-272x182.jpg

https://www.biographiesdebretagne.bzh/wp-content/uploads/2019/10/BdB_BioHervéGrall_PremièreDeCouverture-272x182.jpg

BdB_BioHervéGrall_PremièreDeCouverture.jpg
