{"id":1719,"date":"2026-03-11T18:00:46","date_gmt":"2026-03-11T17:00:46","guid":{"rendered":"https:\/\/www.biographiesdebretagne.bzh\/wp-content\/uploads\/2026\/03\/Plouenan-epicerie-Pledeliac.jpg"},"modified":"2026-03-11T18:00:46","modified_gmt":"2026-03-11T17:00:46","slug":"plouenan-epicerie-pledeliac-2","status":"inherit","type":"attachment","link":"https:\/\/www.biographiesdebretagne.bzh\/br\/plouenan-epicerie-pledeliac-2\/","title":{"rendered":"Plou\u00e9nan &#8211; \u00e9picerie Pl\u00e9d\u00e9liac"},"author":2,"featured_media":0,"comment_status":"open","ping_status":"closed","template":"","meta":{"jetpack_post_was_ever_published":false},"class_list":["post-1719","attachment","type-attachment","status-inherit","hentry"],"jetpack_shortlink":"https:\/\/wp.me\/a8vyMn-rJ","jetpack_sharing_enabled":true,"description":{"rendered":"<p class=\"attachment\"><a href='https:\/\/www.biographiesdebretagne.bzh\/wp-content\/uploads\/2026\/03\/Plouenan-epicerie-Pledeliac.jpg'><img loading=\"lazy\" decoding=\"async\" width=\"300\" height=\"200\" src=\"https:\/\/www.biographiesdebretagne.bzh\/wp-content\/uploads\/2026\/03\/Plouenan-epicerie-Pledeliac-300x200.jpg\" class=\"attachment-medium size-medium\" alt=\"\" srcset=\"https:\/\/www.biographiesdebretagne.bzh\/wp-content\/uploads\/2026\/03\/Plouenan-epicerie-Pledeliac-300x200.jpg 300w, https:\/\/www.biographiesdebretagne.bzh\/wp-content\/uploads\/2026\/03\/Plouenan-epicerie-Pledeliac-700x467.jpg 700w, https:\/\/www.biographiesdebretagne.bzh\/wp-content\/uploads\/2026\/03\/Plouenan-epicerie-Pledeliac-768x512.jpg 768w, https:\/\/www.biographiesdebretagne.bzh\/wp-content\/uploads\/2026\/03\/Plouenan-epicerie-Pledeliac-600x400.jpg 600w, https:\/\/www.biographiesdebretagne.bzh\/wp-content\/uploads\/2026\/03\/Plouenan-epicerie-Pledeliac-800x533.jpg 800w, https:\/\/www.biographiesdebretagne.bzh\/wp-content\/uploads\/2026\/03\/Plouenan-epicerie-Pledeliac-272x182.jpg 272w, https:\/\/www.biographiesdebretagne.bzh\/wp-content\/uploads\/2026\/03\/Plouenan-epicerie-Pledeliac.jpg 960w\" sizes=\"auto, (max-width: 300px) 100vw, 300px\" \/><\/a><\/p>\n"},"caption":{"rendered":""},"alt_text":"","media_type":"image","mime_type":"image\/jpeg","media_details":{"width":960,"height":640,"file":"2026\/03\/Plouenan-epicerie-Pledeliac.jpg","filesize":159565,"sizes":{"medium":{"file":"Plouenan-epicerie-Pledeliac-300x200.jpg","width":300,"height":200,"filesize":21406,"mime_type":"image\/jpeg","source_url":"https:\/\/www.biographiesdebretagne.bzh\/wp-content\/uploads\/2026\/03\/Plouenan-epicerie-Pledeliac-300x200.jpg"},"large":{"file":"Plouenan-epicerie-Pledeliac-700x467.jpg","width":700,"height":467,"filesize":90892,"mime_type":"image\/jpeg","source_url":"https:\/\/www.biographiesdebretagne.bzh\/wp-content\/uploads\/2026\/03\/Plouenan-epicerie-Pledeliac-700x467.jpg"},"thumbnail":{"file":"Plouenan-epicerie-Pledeliac-150x150.jpg","width":150,"height":150,"filesize":8774,"mime_type":"image\/jpeg","source_url":"https:\/\/www.biographiesdebretagne.bzh\/wp-content\/uploads\/2026\/03\/Plouenan-epicerie-Pledeliac-150x150.jpg"},"medium_large":{"file":"Plouenan-epicerie-Pledeliac-768x512.jpg","width":768,"height":512,"filesize":104102,"mime_type":"image\/jpeg","source_url":"https:\/\/www.biographiesdebretagne.bzh\/wp-content\/uploads\/2026\/03\/Plouenan-epicerie-Pledeliac-768x512.jpg"},"folio":{"file":"Plouenan-epicerie-Pledeliac-600x400.jpg","width":600,"height":400,"filesize":69491,"mime_type":"image\/jpeg","source_url":"https:\/\/www.biographiesdebretagne.bzh\/wp-content\/uploads\/2026\/03\/Plouenan-epicerie-Pledeliac-600x400.jpg"},"post-thumbnail":{"file":"Plouenan-epicerie-Pledeliac-800x533.jpg","width":800,"height":533,"filesize":112116,"mime_type":"image\/jpeg","source_url":"https:\/\/www.biographiesdebretagne.bzh\/wp-content\/uploads\/2026\/03\/Plouenan-epicerie-Pledeliac-800x533.jpg"},"graphy-post-thumbnail-large":{"file":"Plouenan-epicerie-Pledeliac-960x600.jpg","width":960,"height":600,"filesize":160389,"mime_type":"image\/jpeg","source_url":"https:\/\/www.biographiesdebretagne.bzh\/wp-content\/uploads\/2026\/03\/Plouenan-epicerie-Pledeliac-960x600.jpg"},"graphy-post-thumbnail-medium":{"file":"Plouenan-epicerie-Pledeliac-482x300.jpg","width":482,"height":300,"filesize":46038,"mime_type":"image\/jpeg","source_url":"https:\/\/www.biographiesdebretagne.bzh\/wp-content\/uploads\/2026\/03\/Plouenan-epicerie-Pledeliac-482x300.jpg"},"graphy-post-thumbnail-small":{"file":"Plouenan-epicerie-Pledeliac-80x60.jpg","width":80,"height":60,"filesize":2352,"mime_type":"image\/jpeg","source_url":"https:\/\/www.biographiesdebretagne.bzh\/wp-content\/uploads\/2026\/03\/Plouenan-epicerie-Pledeliac-80x60.jpg"},"graphy-page-thumbnail":{"file":"Plouenan-epicerie-Pledeliac-960x350.jpg","width":960,"height":350,"filesize":97032,"mime_type":"image\/jpeg","source_url":"https:\/\/www.biographiesdebretagne.bzh\/wp-content\/uploads\/2026\/03\/Plouenan-epicerie-Pledeliac-960x350.jpg"},"sow-carousel-default":{"file":"Plouenan-epicerie-Pledeliac-272x182.jpg","width":272,"height":182,"filesize":17949,"mime_type":"image\/jpeg","source_url":"https:\/\/www.biographiesdebretagne.bzh\/wp-content\/uploads\/2026\/03\/Plouenan-epicerie-Pledeliac-272x182.jpg"},"full":{"file":"Plouenan-epicerie-Pledeliac.jpg","width":960,"height":640,"mime_type":"image\/jpeg","source_url":"https:\/\/www.biographiesdebretagne.bzh\/wp-content\/uploads\/2026\/03\/Plouenan-epicerie-Pledeliac.jpg"}},"image_meta":{"aperture":"0","credit":"","camera":"","caption":"","created_timestamp":"0","copyright":"","focal_length":"0","iso":"0","shutter_speed":"0","title":"","orientation":"0","keywords":[]}},"post":null,"source_url":"https:\/\/www.biographiesdebretagne.bzh\/wp-content\/uploads\/2026\/03\/Plouenan-epicerie-Pledeliac.jpg","_links":{"self":[{"href":"https:\/\/www.biographiesdebretagne.bzh\/br\/wp-json\/wp\/v2\/media\/1719","targetHints":{"allow":["GET"]}}],"collection":[{"href":"https:\/\/www.biographiesdebretagne.bzh\/br\/wp-json\/wp\/v2\/media"}],"about":[{"href":"https:\/\/www.biographiesdebretagne.bzh\/br\/wp-json\/wp\/v2\/types\/attachment"}],"author":[{"embeddable":true,"href":"https:\/\/www.biographiesdebretagne.bzh\/br\/wp-json\/wp\/v2\/users\/2"}],"replies":[{"embeddable":true,"href":"https:\/\/www.biographiesdebretagne.bzh\/br\/wp-json\/wp\/v2\/comments?post=1719"}]}}

Plouénan &#8211; épicerie Plédéliac
