{"id":326,"date":"2017-03-06T12:55:14","date_gmt":"2017-03-06T11:55:14","guid":{"rendered":"https:\/\/www.biographiesdebretagne.bzh\/?page_id=326\/"},"modified":"2017-04-05T14:30:51","modified_gmt":"2017-04-05T12:30:51","slug":"ar-vuhez-pebezh-avantur","status":"publish","type":"page","link":"https:\/\/www.biographiesdebretagne.bzh\/br\/","title":{"rendered":"Ar vuhez, pebezh avantur !"},"content":{"rendered":"<div id=\"pl-326\"  class=\"panel-layout\" ><div id=\"pg-326-0\"  class=\"panel-grid panel-has-style\" ><div class=\"panel-row-style panel-row-style-for-326-0\" ><div id=\"pgc-326-0-0\"  class=\"panel-grid-cell\" ><div id=\"panel-326-0-0-0\" class=\"so-panel widget widget_sow-editor panel-first-child panel-last-child\" data-index=\"0\" ><div\n\t\t\t\n\t\t\tclass=\"so-widget-sow-editor so-widget-sow-editor-base\"\n\t\t\t\n\t\t>\n<div class=\"siteorigin-widget-tinymce textwidget\">\n\t<p style=\"text-align:justify;\">Un avantur eo pep buhez, un avantur dibar, gant he flijadurio\u00f9 hag he foanio\u00f9, he reuziado\u00f9 birvilh hag he frapado\u00f9 arvar, he skoilho\u00f9 hag hec\u2019h emgavio\u00f9 dic\u2019hortoz, he hento\u00f9-treuz, an trao\u00f9 a sevener ha, bep ma\u2019z eer gant an hent, ar c\u2019hoant, an ezhomm gro\u00f1s zoken da destenia\u00f1 ha da gonta\u00f1 anezhi da dud all. Dellezek eo pep buhez da veza\u00f1 kontet, abalamour d\u2019ober an danevell eus un treizh ha da lavaret ar ster anezha\u00f1, evit lakaat tud all da gompren e-barzh trivliadenno\u00f9 ha talvoudo\u00f9.<\/p>\n<p style=\"text-align:justify;\">Skrido\u00f9-Buhez Breizh, <em>Biographies de Bretagne<\/em> e galleg, eo an hini a selaou ac\u2019hanoc\u2019h, evezhiek ha didrouz, an hini a lakay danevell ho puhez, hini ho koublad pe ho kerent war baper ul levr. Ma\u2019z oc\u2019h ur c\u2019hrouer pe ur rener e c\u2019hallo ivez ar skrid-buhez beza\u00f1 hini hoc\u2019h embregerezh, liammet-start ouzh ar pezh a ya d\u2019ober ac\u2019hanoc\u2019h. Gallout a ra ar skrid-buhez beza\u00f1 hini ho kumuniezh obererezh c\u2019hoazh (kevredigezh, klub sport, kenwarez, sindikad, strollad arzourien, ti-yec\u2019hed...), ur gumuniezh hag a zo ur \u00ab mad boutin \u00bb, hag a fell deoc\u2019h lakaat he c\u2019hefridi hag he spered da badout en ur chom feal d\u2019ar rummado\u00f9 tud e karg ha buhezourien a zo bet araozoc\u2019h.<\/p>\n<\/div>\n<\/div><\/div><\/div><div id=\"pgc-326-0-1\"  class=\"panel-grid-cell\" ><div id=\"panel-326-0-1-0\" class=\"so-panel widget widget_sow-image panel-first-child panel-last-child\" data-index=\"1\" ><div\n\t\t\t\n\t\t\tclass=\"so-widget-sow-image so-widget-sow-image-default-c67d20f9f743-326\"\n\t\t\t\n\t\t>\n<div class=\"sow-image-container\">\n\t\t<img \n\tsrc=\"https:\/\/www.biographiesdebretagne.bzh\/wp-content\/uploads\/2017\/04\/autochromes-bretagne-l-5.jpeg\" width=\"650\" height=\"475\" srcset=\"https:\/\/www.biographiesdebretagne.bzh\/wp-content\/uploads\/2017\/04\/autochromes-bretagne-l-5.jpeg 650w, https:\/\/www.biographiesdebretagne.bzh\/wp-content\/uploads\/2017\/04\/autochromes-bretagne-l-5-300x219.jpeg 300w\" sizes=\"(max-width: 650px) 100vw, 650px\" alt=\"Deux p\u00eacheurs en mer ann\u00e9es 50\" \t\tclass=\"so-widget-image\"\/>\n\t<\/div>\n\n<\/div><\/div><\/div><\/div><\/div><div id=\"pg-326-1\"  class=\"panel-grid panel-has-style\" ><div class=\"panel-row-style panel-row-style-for-326-1\" ><div id=\"pgc-326-1-0\"  class=\"panel-grid-cell\" ><div id=\"panel-326-1-0-0\" class=\"so-panel widget widget_sow-image panel-first-child panel-last-child\" data-index=\"2\" ><div\n\t\t\t\n\t\t\tclass=\"so-widget-sow-image so-widget-sow-image-default-c67d20f9f743-326\"\n\t\t\t\n\t\t>\n<div class=\"sow-image-container\">\n\t\t<img \n\tsrc=\"https:\/\/www.biographiesdebretagne.bzh\/wp-content\/uploads\/2017\/02\/histoire-de-france-mythes-realites.jpg\" width=\"250\" height=\"406\" srcset=\"https:\/\/www.biographiesdebretagne.bzh\/wp-content\/uploads\/2017\/02\/histoire-de-france-mythes-realites.jpg 250w, https:\/\/www.biographiesdebretagne.bzh\/wp-content\/uploads\/2017\/02\/histoire-de-france-mythes-realites-185x300.jpg 185w\" sizes=\"(max-width: 250px) 100vw, 250px\" title=\"Histoire de France mythes et r\u00e9alit\u00e9s\" alt=\"Histoire de France mythes et r\u00e9alit\u00e9s\" \t\tclass=\"so-widget-image\"\/>\n\t<\/div>\n\n<\/div><\/div><\/div><div id=\"pgc-326-1-1\"  class=\"panel-grid-cell\" ><div id=\"panel-326-1-1-0\" class=\"so-panel widget widget_sow-editor panel-first-child\" data-index=\"3\" ><div\n\t\t\t\n\t\t\tclass=\"so-widget-sow-editor so-widget-sow-editor-base\"\n\t\t\t\n\t\t><h3 class=\"widget-title\">Al levrio\u00f9, arouezio\u00f9 ur gwir eskemm<\/h3>\n<div class=\"siteorigin-widget-tinymce textwidget\">\n\t<p style=\"text-align:justify;\">Trao\u00f9 prizius eo al levrio\u00f9 rak un dalvoudegezh dibar a vez roet dezho gant hor c\u2019hevredigezh, hini an trao\u00f9 skrivet. Evel-se e so\u00f1jomp ivez end-eeun. Ha chom a ra al levrio\u00f9 profo\u00f9 a-feson da-ge\u00f1ver ar gouelio\u00f9, ha ni e mare an trao\u00f9 niverel, abalamour ma\u2019z int arouezio\u00f9 ur gwir eskemm, evit an dud a ro kenkoulz hag evit ar re a resev anezho. Mignoned a\u2019r gwella\u00f1 eo al levrio\u00f9 pa vez anv da skigna\u00f1 ha da gonta\u00f1 ur memor ha talvoudo\u00f9 a rumm ha rumm, ha d\u2019an dra-se e talvez ar skrido\u00f9-buhez.<\/p>\n<\/div>\n<\/div><\/div><div id=\"panel-326-1-1-1\" class=\"so-panel widget widget_sow-editor panel-last-child\" data-index=\"4\" ><div\n\t\t\t\n\t\t\tclass=\"so-widget-sow-editor so-widget-sow-editor-base\"\n\t\t\t\n\t\t><h3 class=\"widget-title\">Lakaat en ho servij hor barregezhio\u00f9 a-fet tekniko\u00f9 ha tud<\/h3>\n<div class=\"siteorigin-widget-tinymce textwidget\">\n\t<p style=\"text-align:justify;\">Stummet on bet ouzh an istor ha kenlabouret em eus gant tud all da ren ha da skriva\u00f1 meur a levr, en o zouez \u00ab Histoire de France : mythes et r\u00e9alit\u00e9s \u00bb (embannadurio\u00f9 Er\u00e8s) asambles gant an istorourez c\u2019hall veur Suzanne Citron hag ar gwiraer Yves Plasseraud. Kuzuliet em eus bet embregerezhio\u00f9 evit arc\u2019hanta\u00f1 mennado\u00f9 nevezus, ha dilennad rannvroel ha lec\u2019hel on bet e-pad ugent vloaz. Gant-se e anavezan mat-tre douar hag ekonomiezh Breizh. Sot-pitilh on gant al lizhiri hag an eskemm so\u00f1jo\u00f9, ha sinet em eus tost da 300 pennad e kazetenno\u00f9 ar rannvro. Mennet on da lakaat ma fluenn en ho servij.<\/p>\n<\/div>\n<\/div><\/div><\/div><\/div><\/div><div id=\"pg-326-2\"  class=\"panel-grid panel-has-style\" ><div class=\"panel-row-style panel-row-style-for-326-2\" ><div id=\"pgc-326-2-0\"  class=\"panel-grid-cell\" ><div id=\"panel-326-2-0-0\" class=\"so-panel widget widget_sow-editor panel-first-child\" data-index=\"5\" ><div\n\t\t\t\n\t\t\tclass=\"so-widget-sow-editor so-widget-sow-editor-base\"\n\t\t\t\n\t\t><h3 class=\"widget-title\">Keveler un ti-moulla\u00f1 ha n\u2019en deus ket e bar e Breizh<\/h3>\n<div class=\"siteorigin-widget-tinymce textwidget\">\n\t<p style=\"text-align: justify;\">Ma fell deoc\u2019h choaz hoc\u2019h-unan ho mouller e chomo labour Skrido\u00f9-Buhez Breizh a-sav d\u2019ar c\u2019houlz ma lavaroc\u2019h e vo mat deoc\u2019h an destenn hor bo savet en ur selaou ac\u2019hanoc\u2019h. Met kinnig a reomp deoc\u2019h labourat gant hor mouller keveler.<\/p>\n<p style=\"text-align: justify;\">Abalamour d\u2019hor c\u2019hredenno\u00f9 start ha d\u2019hor buhezegezh, Skrido\u00f9-Buhez Breizh ne voullo ket ho skrid-buhez er-maez eus Breizh : dismega\u00f1s e vefe eus hor perzh. Hor c\u2019heveler, ar \u00ab PAM \u00bb e Brest, zo un ti-moulla\u00f1 gwirion renet gant un tiegezh, staliet e-kreiz k\u00ear, bet diazezet e 1928, ha dezha\u00f1 ur glad mekanikel hag arzel eus ar re builha\u00f1. E rener, Gr\u00e9gory ar Brizh, mab-bihan an diazezer, zo sot gant e vicher hag ivez gant an istor hag an arzo\u00f9 : <a href=\"http:\/\/www.pam-imprimerie-brest.fr\/\" target=\"_blank\">www.pam-imprimerie-brest.fr<\/a><\/p>\n<\/div>\n<\/div><\/div><div id=\"panel-326-2-0-1\" class=\"so-panel widget widget_sow-editor panel-last-child\" data-index=\"6\" ><div\n\t\t\t\n\t\t\tclass=\"so-widget-sow-editor so-widget-sow-editor-base\"\n\t\t\t\n\t\t><h3 class=\"widget-title\">Deuit e darempred ganeomp evit un emgav kenta\u00f1, da welet<\/h3>\n<div class=\"siteorigin-widget-tinymce textwidget\">\n\t<p style=\"text-align: justify;\">E rubrikenno\u00f9 al lec\u2019hienn internet-ma\u00f1 e kavoc\u2019h ar responto\u00f9 d\u2019an darn vrasa\u00f1 eus ho koulenno\u00f9, met pedi\u00f1 a reomp ac\u2019hanoc\u2019h da zont davedomp evelkent. Setu ne varc\u2019hatait ket da zont e darempred ganeomp evit kaozeal eus ho mennad. Gant an emgav kenta\u00f1 ne vioc\u2019h endalc\u2019het da netra.<\/p>\n<p style=\"text-align: left;\">A galon ganeoc\u2019h.<\/p>\n<hr \/>\n<p style=\"text-align: left;\"><strong>Kristian Guyonvarc'h<\/strong><br \/>\n<em>Diazezer Skrido\u00f9-Buhez Breizh<\/em><\/p>\n<\/div>\n<\/div><\/div><\/div><div id=\"pgc-326-2-1\"  class=\"panel-grid-cell\" ><div id=\"panel-326-2-1-0\" class=\"so-panel widget widget_sow-image panel-first-child panel-last-child\" data-index=\"7\" ><div\n\t\t\t\n\t\t\tclass=\"so-widget-sow-image so-widget-sow-image-default-c67d20f9f743-326\"\n\t\t\t\n\t\t>\n<div class=\"sow-image-container\">\n\t\t<img \n\tsrc=\"https:\/\/www.biographiesdebretagne.bzh\/wp-content\/uploads\/2017\/02\/BdB_Photo_JeuneFemmeCostumeBreton1920.jpg\" width=\"415\" height=\"578\" srcset=\"https:\/\/www.biographiesdebretagne.bzh\/wp-content\/uploads\/2017\/02\/BdB_Photo_JeuneFemmeCostumeBreton1920.jpg 415w, https:\/\/www.biographiesdebretagne.bzh\/wp-content\/uploads\/2017\/02\/BdB_Photo_JeuneFemmeCostumeBreton1920-215x300.jpg 215w\" sizes=\"(max-width: 415px) 100vw, 415px\" title=\"Jeune femme costume breton 1920\" alt=\"Jeune femme costume breton 1920\" \t\tclass=\"so-widget-image\"\/>\n\t<\/div>\n\n<\/div><\/div><\/div><\/div><\/div><\/div>","protected":false},"excerpt":{"rendered":"<p>Un avantur eo pep buhez, un avantur dibar, gant he flijadurio\u00f9 hag he foanio\u00f9, he reuziado\u00f9 birvilh hag he frapado\u00f9 arvar, he skoilho\u00f9 hag hec\u2019h emgavio\u00f9 dic\u2019hortoz, he hento\u00f9-treuz, an trao\u00f9 a sevener ha, bep ma\u2019z eer gant an hent, ar c\u2019hoant, an ezhomm gro\u00f1s zoken da destenia\u00f1 ha da gonta\u00f1 anezhi da dud all&#8230;.<\/p>\n","protected":false},"author":1,"featured_media":0,"parent":0,"menu_order":0,"comment_status":"closed","ping_status":"closed","template":"fullwidth.php","meta":{"jetpack_post_was_ever_published":false,"footnotes":""},"class_list":["post-326","page","type-page","status-publish","hentry"],"jetpack_shortlink":"https:\/\/wp.me\/P8vyMn-5g","jetpack_sharing_enabled":true,"_links":{"self":[{"href":"https:\/\/www.biographiesdebretagne.bzh\/br\/wp-json\/wp\/v2\/pages\/326","targetHints":{"allow":["GET"]}}],"collection":[{"href":"https:\/\/www.biographiesdebretagne.bzh\/br\/wp-json\/wp\/v2\/pages"}],"about":[{"href":"https:\/\/www.biographiesdebretagne.bzh\/br\/wp-json\/wp\/v2\/types\/page"}],"author":[{"embeddable":true,"href":"https:\/\/www.biographiesdebretagne.bzh\/br\/wp-json\/wp\/v2\/users\/1"}],"replies":[{"embeddable":true,"href":"https:\/\/www.biographiesdebretagne.bzh\/br\/wp-json\/wp\/v2\/comments?post=326"}],"version-history":[{"count":0,"href":"https:\/\/www.biographiesdebretagne.bzh\/br\/wp-json\/wp\/v2\/pages\/326\/revisions"}],"wp:attachment":[{"href":"https:\/\/www.biographiesdebretagne.bzh\/br\/wp-json\/wp\/v2\/media?parent=326"}],"curies":[{"name":"wp","href":"https:\/\/api.w.org\/{rel}","templated":true}]}}

<div id="pl-326"  class="panel-layout" ><div id="pg-326-0"  class="panel-grid panel-has-style" ><div class="panel-row-style panel-row-style-for-326-0" ><div id="pgc-326-0-0"  class="panel-grid-cell" ><div id="panel-326-0-0-0" class="so-panel widget widget_sow-editor panel-first-child panel-last-child" data-index="0" ><div
			
			class="so-widget-sow-editor so-widget-sow-editor-base"
			
		>
<div class="siteorigin-widget-tinymce textwidget">
	<p style="text-align:justify;">Un avantur eo pep buhez, un avantur dibar, gant he flijadurioù hag he foanioù, he reuziadoù birvilh hag he frapadoù arvar, he skoilhoù hag hec’h emgavioù dic’hortoz, he hentoù-treuz, an traoù a sevener ha, bep ma’z eer gant an hent, ar c’hoant, an ezhomm groñs zoken da desteniañ ha da gontañ anezhi da dud all. Dellezek eo pep buhez da vezañ kontet, abalamour d’ober an danevell eus un treizh ha da lavaret ar ster anezhañ, evit lakaat tud all da gompren e-barzh trivliadennoù ha talvoudoù.</p>
<p style="text-align:justify;">Skridoù-Buhez Breizh, <em>Biographies de Bretagne</em> e galleg, eo an hini a selaou ac’hanoc’h, evezhiek ha didrouz, an hini a lakay danevell ho puhez, hini ho koublad pe ho kerent war baper ul levr. Ma’z oc’h ur c’hrouer pe ur rener e c’hallo ivez ar skrid-buhez bezañ hini hoc’h embregerezh, liammet-start ouzh ar pezh a ya d’ober ac’hanoc’h. Gallout a ra ar skrid-buhez bezañ hini ho kumuniezh obererezh c’hoazh (kevredigezh, klub sport, kenwarez, sindikad, strollad arzourien, ti-yec’hed...), ur gumuniezh hag a zo ur « mad boutin », hag a fell deoc’h lakaat he c’hefridi hag he spered da badout en ur chom feal d’ar rummadoù tud e karg ha buhezourien a zo bet araozoc’h.</p>
</div>
</div></div></div><div id="pgc-326-0-1"  class="panel-grid-cell" ><div id="panel-326-0-1-0" class="so-panel widget widget_sow-image panel-first-child panel-last-child" data-index="1" ><div
			
			class="so-widget-sow-image so-widget-sow-image-default-c67d20f9f743-326"
			
		>
<div class="sow-image-container">
		<img 
	src="https://www.biographiesdebretagne.bzh/wp-content/uploads/2017/04/autochromes-bretagne-l-5.jpeg" width="650" height="475" srcset="https://www.biographiesdebretagne.bzh/wp-content/uploads/2017/04/autochromes-bretagne-l-5.jpeg 650w, https://www.biographiesdebretagne.bzh/wp-content/uploads/2017/04/autochromes-bretagne-l-5-300x219.jpeg 300w" sizes="(max-width: 650px) 100vw, 650px" alt="Deux pêcheurs en mer années 50" 		class="so-widget-image"/>
	</div>

</div></div></div></div></div><div id="pg-326-1"  class="panel-grid panel-has-style" ><div class="panel-row-style panel-row-style-for-326-1" ><div id="pgc-326-1-0"  class="panel-grid-cell" ><div id="panel-326-1-0-0" class="so-panel widget widget_sow-image panel-first-child panel-last-child" data-index="2" ><div
			
			class="so-widget-sow-image so-widget-sow-image-default-c67d20f9f743-326"
			
		>
<div class="sow-image-container">
		<img 
	src="https://www.biographiesdebretagne.bzh/wp-content/uploads/2017/02/histoire-de-france-mythes-realites.jpg" width="250" height="406" srcset="https://www.biographiesdebretagne.bzh/wp-content/uploads/2017/02/histoire-de-france-mythes-realites.jpg 250w, https://www.biographiesdebretagne.bzh/wp-content/uploads/2017/02/histoire-de-france-mythes-realites-185x300.jpg 185w" sizes="(max-width: 250px) 100vw, 250px" title="Histoire de France mythes et réalités" alt="Histoire de France mythes et réalités" 		class="so-widget-image"/>
	</div>

</div></div></div><div id="pgc-326-1-1"  class="panel-grid-cell" ><div id="panel-326-1-1-0" class="so-panel widget widget_sow-editor panel-first-child" data-index="3" ><div
			
			class="so-widget-sow-editor so-widget-sow-editor-base"
			
		><h3 class="widget-title">Al levrioù, arouezioù ur gwir eskemm</h3>
<div class="siteorigin-widget-tinymce textwidget">
	<p style="text-align:justify;">Traoù prizius eo al levrioù rak un dalvoudegezh dibar a vez roet dezho gant hor c’hevredigezh, hini an traoù skrivet. Evel-se e soñjomp ivez end-eeun. Ha chom a ra al levrioù profoù a-feson da-geñver ar gouelioù, ha ni e mare an traoù niverel, abalamour ma’z int arouezioù ur gwir eskemm, evit an dud a ro kenkoulz hag evit ar re a resev anezho. Mignoned a’r gwellañ eo al levrioù pa vez anv da skignañ ha da gontañ ur memor ha talvoudoù a rumm ha rumm, ha d’an dra-se e talvez ar skridoù-buhez.</p>
</div>
</div></div><div id="panel-326-1-1-1" class="so-panel widget widget_sow-editor panel-last-child" data-index="4" ><div
			
			class="so-widget-sow-editor so-widget-sow-editor-base"
			
		><h3 class="widget-title">Lakaat en ho servij hor barregezhioù a-fet teknikoù ha tud</h3>
<div class="siteorigin-widget-tinymce textwidget">
	<p style="text-align:justify;">Stummet on bet ouzh an istor ha kenlabouret em eus gant tud all da ren ha da skrivañ meur a levr, en o zouez « Histoire de France : mythes et réalités » (embannadurioù Erès) asambles gant an istorourez c’hall veur Suzanne Citron hag ar gwiraer Yves Plasseraud. Kuzuliet em eus bet embregerezhioù evit arc’hantañ mennadoù nevezus, ha dilennad rannvroel ha lec’hel on bet e-pad ugent vloaz. Gant-se e anavezan mat-tre douar hag ekonomiezh Breizh. Sot-pitilh on gant al lizhiri hag an eskemm soñjoù, ha sinet em eus tost da 300 pennad e kazetennoù ar rannvro. Mennet on da lakaat ma fluenn en ho servij.</p>
</div>
</div></div></div></div></div><div id="pg-326-2"  class="panel-grid panel-has-style" ><div class="panel-row-style panel-row-style-for-326-2" ><div id="pgc-326-2-0"  class="panel-grid-cell" ><div id="panel-326-2-0-0" class="so-panel widget widget_sow-editor panel-first-child" data-index="5" ><div
			
			class="so-widget-sow-editor so-widget-sow-editor-base"
			
		><h3 class="widget-title">Keveler un ti-moullañ ha n’en deus ket e bar e Breizh</h3>
<div class="siteorigin-widget-tinymce textwidget">
	<p style="text-align: justify;">Ma fell deoc’h choaz hoc’h-unan ho mouller e chomo labour Skridoù-Buhez Breizh a-sav d’ar c’houlz ma lavaroc’h e vo mat deoc’h an destenn hor bo savet en ur selaou ac’hanoc’h. Met kinnig a reomp deoc’h labourat gant hor mouller keveler.</p>
<p style="text-align: justify;">Abalamour d’hor c’hredennoù start ha d’hor buhezegezh, Skridoù-Buhez Breizh ne voullo ket ho skrid-buhez er-maez eus Breizh : dismegañs e vefe eus hor perzh. Hor c’heveler, ar « PAM » e Brest, zo un ti-moullañ gwirion renet gant un tiegezh, staliet e-kreiz kêr, bet diazezet e 1928, ha dezhañ ur glad mekanikel hag arzel eus ar re builhañ. E rener, Grégory ar Brizh, mab-bihan an diazezer, zo sot gant e vicher hag ivez gant an istor hag an arzoù : <a href="http://www.pam-imprimerie-brest.fr/" target="_blank">www.pam-imprimerie-brest.fr</a></p>
</div>
</div></div><div id="panel-326-2-0-1" class="so-panel widget widget_sow-editor panel-last-child" data-index="6" ><div
			
			class="so-widget-sow-editor so-widget-sow-editor-base"
			
		><h3 class="widget-title">Deuit e darempred ganeomp evit un emgav kentañ, da welet</h3>
<div class="siteorigin-widget-tinymce textwidget">
	<p style="text-align: justify;">E rubrikennoù al lec’hienn internet-mañ e kavoc’h ar respontoù d’an darn vrasañ eus ho koulennoù, met pediñ a reomp ac’hanoc’h da zont davedomp evelkent. Setu ne varc’hatait ket da zont e darempred ganeomp evit kaozeal eus ho mennad. Gant an emgav kentañ ne vioc’h endalc’het da netra.</p>
<p style="text-align: left;">A galon ganeoc’h.</p>
<hr />
<p style="text-align: left;"><strong>Kristian Guyonvarc'h</strong><br />
<em>Diazezer Skridoù-Buhez Breizh</em></p>
</div>
</div></div></div><div id="pgc-326-2-1"  class="panel-grid-cell" ><div id="panel-326-2-1-0" class="so-panel widget widget_sow-image panel-first-child panel-last-child" data-index="7" ><div
			
			class="so-widget-sow-image so-widget-sow-image-default-c67d20f9f743-326"
			
		>
<div class="sow-image-container">
		<img 
	src="https://www.biographiesdebretagne.bzh/wp-content/uploads/2017/02/BdB_Photo_JeuneFemmeCostumeBreton1920.jpg" width="415" height="578" srcset="https://www.biographiesdebretagne.bzh/wp-content/uploads/2017/02/BdB_Photo_JeuneFemmeCostumeBreton1920.jpg 415w, https://www.biographiesdebretagne.bzh/wp-content/uploads/2017/02/BdB_Photo_JeuneFemmeCostumeBreton1920-215x300.jpg 215w" sizes="(max-width: 415px) 100vw, 415px" title="Jeune femme costume breton 1920" alt="Jeune femme costume breton 1920" 		class="so-widget-image"/>
	</div>

</div></div></div></div></div></div>

<p>Un avantur eo pep buhez, un avantur dibar, gant he flijadurioù hag he foanioù, he reuziadoù birvilh hag he frapadoù arvar, he skoilhoù hag hec’h emgavioù dic’hortoz, he hentoù-treuz, an traoù a sevener ha, bep ma’z eer gant an hent, ar c’hoant, an ezhomm groñs zoken da desteniañ ha da gontañ anezhi da dud all&#8230;.</p>
